sor of 1151216 and 1266?
422
What is the highest common factor of 3636 and 2196?
36
Calculate the greatest common factor of 4026 and 4941.
183
Calculate the highest common factor of 11228 and 7.
7
What is the greatest common factor of 22518 and 3969?
81
Calculate the highest common factor of 612 and 190536.
204
Calculate the greatest common factor of 54831 and 10437.
147
What is the greatest common factor of 1309418 and 22?
22
Calculate the greatest common factor of 339 and 2948622.
339
Calculate the highest common factor of 233 and 2259401.
233
What is the greatest common divisor of 390592 and 1054?
34
Calculate the highest common divisor of 9078 and 51.
51
Calculate the greatest common factor of 115 and 49795.
115
What is the greatest common divisor of 5535495 and 210?
105
What is the highest common divisor of 708511 and 344?
43
What is the greatest common divisor of 30101 and 51463?
971
What is the greatest common divisor of 172 and 11997?
43
What is the greatest common factor of 3240 and 1880?
40
What is the highest common factor of 458562 and 858?
78
Calculate the highest common factor of 207288 and 144.
72
Calculate the highest common divisor of 499895 and 149.
149
What is the greatest common divisor of 55 and 47663?
11
Calculate the greatest common divisor of 60 and 7944.
12
Calculate the greatest common divisor of 1194 and 768.
6
What is the greatest common divisor of 2294 and 2841119?
1147
Calculate the greatest common divisor of 3463320 and 310.
310
What is the greatest common factor of 440 and 3156340?
220
Calculate the highest common divisor of 40 and 1689080.
40
Calculate the greatest common factor of 3003989 and 149.
149
Calculate the highest common divisor of 3655 and 231555.
215
Calculate the highest common divisor of 2604 and 7413.
21
Calculate the highest common divisor of 119 and 5593.
119
Calculate the highest common divisor of 671 and 715.
11
What is the greatest common factor of 91636 and 62?
62
Calculate the greatest common divisor of 438 and 9066.
6
Calculate the highest common divisor of 2 and 44848.
2
Calculate the greatest common factor of 21 and 31612.
7
Calculate the greatest common factor of 133 and 75753.
19
What is the highest common factor of 54549 and 6897?
627
Calculate the highest common divisor of 8700 and 192.
12
Calculate the highest common divisor of 224 and 26704.
16
What is the highest common factor of 13345 and 255?
85
What is the greatest common factor of 949271 and 83?
83
Calculate the highest common factor of 200 and 774760.
40
Calculate the greatest common divisor of 2914 and 620.
62
What is the greatest common divisor of 34357 and 16813?
731
What is the greatest common divisor of 4193203 and 167?
167
Calculate the greatest common factor of 27319 and 20.
1
What is the highest common factor of 445569 and 133?
19
What is the highest common divisor of 1986 and 162?
6
Calculate the greatest common factor of 729 and 327.
3
Calculate the highest common divisor of 14205 and 135.
15
What is the highest common divisor of 136 and 271626?
34
What is the greatest common factor of 10746 and 3528?
18
What is the greatest common factor of 265720 and 630?
70
What is the highest common factor of 50 and 1545250?
50
Calculate the greatest common divisor of 15523 and 2064.
43
Calculate the greatest common divisor of 948 and 3318.
474
What is the highest common divisor of 4390976 and 5152?
736
Calculate the highest common factor of 39116 and 2002.
154
Calculate the highest common divisor of 114 and 244074.
114
Calculate the greatest common factor of 2075 and 980645.
415
Calculate the highest common divisor of 895671 and 3969.
1323
What is the highest common divisor of 362961 and 81?
81
Calculate the highest common factor of 2275 and 2555.
35
Calculate the greatest common divisor of 1032 and 81872.
344
Calculate the highest common divisor of 3606486 and 78.
78
What is the highest common divisor of 24867 and 432?
27
What is the greatest common divisor of 2648 and 3352?
8
What is the highest common factor of 39936 and 6708?
156
Calculate the highest common factor of 288 and 3099024.
144
Calculate the greatest common factor of 63 and 34713.
63
What is the highest common factor of 186870 and 720?
30
Calculate the highest common factor of 640 and 61312.
128
Calculate the greatest common factor of 7995 and 3393.
39
Calculate the highest common factor of 557257 and 37.
37
What is the greatest common factor of 59 and 43247?
59
Calculate the highest common factor of 40869 and 2394.
171
Calculate the highest common factor of 2275 and 105.
35
Calculate the greatest common divisor of 40182 and 7326.
222
Calculate the highest common factor of 68545 and 110.
5
What is the greatest common divisor of 576256 and 56?
8
What is the highest common factor of 21 and 123781?
7
What is the greatest common factor of 6344 and 58804?
244
Calculate the greatest common factor of 25403 and 4921.
133
Calculate the highest common divisor of 1288 and 5382.
46
Calculate the highest common factor of 1688 and 17302.
422
Calculate the greatest common divisor of 32528 and 642.
214
What is the highest common divisor of 746 and 3924706?
746
Calculate the greatest common factor of 101778 and 6.
6
What is the highest common divisor of 100698 and 780?
78
What is the greatest common factor of 140 and 19432?
28
Calculate the highest common divisor of 1 and 13201.
1
Calculate the greatest common factor of 22576 and 19856.
272
What is the greatest common divisor of 2139 and 79887?
93
Calculate the greatest common factor of 200515 and 357.
119
Calculate the greatest common divisor of 62 and 2813529.
31
Calculate the greatest common factor of 32 and 76984.
8
What is the greatest common divisor of 28155 and 120?
15
What is the highest common factor of 1835 and 107531?
367
Calculate the greatest common divisor of 110950 and 8750.
350
Calculate the highest common factor of 2880 and 4240.
80
What is the highest common factor of 176963 and 2981?
271
Calculate the greatest common factor of 3993 and 2277.
33
Calculate the greatest common divisor of 636656 and 16.
16
Calculate the highest common factor of 1980 and 158796.
396
Calculate the greatest common factor of 1425 and 10965.
15
Calculate the highest common divisor of 957 and 5500.
11
Calculate the highest common factor of 500 and 57650.
50
Calculate the highest common factor of 79 and 11.
1
What is the highest common divisor of 22 and 68662?
22
What is the highest common divisor of 176633 and 173?
173
What is the greatest common factor of 112 and 1899884?
28
Calculate the highest common factor of 1202175 and 375.
75
What is the highest common factor of 350644 and 140?
28
Calculate the greatest common factor of 2471 and 16785503.
2471
What is the highest common factor of 252 and 25424?
28
Calculate the highest common divisor of 909018 and 132.
66
Calculate the greatest common factor of 9946800 and 324.
324
What is the highest common factor of 8296 and 1098?
122
What is the highest common factor of 120 and 5736?
24
What is the greatest common divisor of 1001520 and 8892?
468
What is the highest common divisor of 1318777 and 131?
131
What is the greatest common divisor of 223197 and 118?
59
Calculate the greatest common divisor of 8754 and 96.
6
What is the greatest common divisor of 64 and 3685408?
32
What is the greatest common factor of 395 and 541545?
395
What is the highest common factor of 2226 and 1713278?
742
What is the greatest common divisor of 494 and 125008?
26
What is the greatest common factor of 9952 and 483605?
311
What is the greatest common divisor of 3201 and 10379?
97
What is the greatest common factor of 1256 and 472?
8
What is the highest common factor of 19202 and 2?
2
Calculate the greatest common divisor of 1316 and 167461.
329
Calculate the greatest common factor of 561 and 2298.
3
Calculate the greatest common factor of 12519 and 71019.
117
Calculate the greatest common factor of 142486 and 12033.
191
What is the highest common factor of 100 and 2870050?
50
Calculate the highest common factor of 12740 and 729820.
1820
What is the highest common factor of 1611936 and 1440?
288
Calculate the highest common factor of 32 and 3040864.
32
What is the highest common divisor of 92 and 144302?
46
W